{"id":26,"date":"2016-02-04T20:05:23","date_gmt":"2016-02-04T20:05:23","guid":{"rendered":"http:\/\/apasc.org.br\/apasc\/?page_id=26"},"modified":"2018-02-22T13:35:35","modified_gmt":"2018-02-22T13:35:35","slug":"historico","status":"publish","type":"page","link":"http:\/\/apasc.org.br\/ONG\/historico\/","title":{"rendered":"Diretoria"},"content":{"rendered":"<h1 style=\"text-align: center;\"><span style=\"color: #000080;\">Composi\u00e7\u00e3o diretoria da APASC 2018-2019\u00a0<\/span><\/h1>\n<p style=\"text-align: center;\">\n<p style=\"text-align: center;\"><span style=\"color: #666699;\"><b>Presidente:<\/b>\u00a0Bernardo Arantes do Nascimento Teixeira<\/span><\/p>\n<p style=\"text-align: center;\"><span style=\"color: #666699;\"><b>Vice-Presidente<\/b>: Marta Fernandes Oliveira<\/span><\/p>\n<p style=\"text-align: center;\"><span style=\"color: #666699;\"><b>Secret\u00e1ria<\/b>: Regina C\u00e9lia Di Ciommo<\/span><\/p>\n<p style=\"text-align: center;\"><span style=\"color: #666699;\"><b>Vice Secret\u00e1ria<\/b>:\u00a0<\/span><span style=\"color: #666699;\">Fl\u00e1via Torre\u00e3o Correa da Silva Thiemann<\/span><\/p>\n<p style=\"text-align: center;\"><b style=\"color: #666699;\">Tesoureiro<\/b><span style=\"color: #666699;\">:\u00a0<\/span><span style=\"color: #666699;\">Walter Alberto Alarcon Monzon<\/span><\/p>\n<p style=\"text-align: center;\"><span style=\"color: #666699;\"><b>Vice Tesoureira<\/b>: Flaviana Aparecida Oliveira<\/span><\/p>\n<p style=\"text-align: center;\">\n<p style=\"text-align: center;\"><strong><span style=\"color: #666699;\"><b>Coordenadorias:<\/b><\/span><\/strong><\/p>\n<p style=\"text-align: center;\"><span style=\"color: #666699;\"><b>Coordena\u00e7\u00e3o de Agroecologia<\/b>: Paulo Jos\u00e9 Penalva Mancini<\/span><\/p>\n<p style=\"text-align: center;\"><span style=\"color: #666699;\"><b>Coordena\u00e7\u00e3o de Educa\u00e7\u00e3o Ambiental<\/b>: Maria Paula Pires de Oliveira<\/span><\/p>\n<p style=\"text-align: center;\"><span style=\"color: #666699;\"><b>Coordena\u00e7\u00e3o de Assuntos Jur\u00eddicos<\/b>: Sylvia Buchmann Thom\u00e9<\/span><\/p>\n<p style=\"text-align: center;\"><span style=\"color: #666699;\">\u00a0<\/span><\/p>\n<p style=\"text-align: center;\"><strong><span style=\"color: #666699;\"><b>Conselho Fiscal:<\/b><br \/>\n<\/span><\/strong><\/p>\n<p style=\"text-align: center;\"><span style=\"color: #666699;\"><b>Titulares<\/b>: Ilse Hainz Vallilo, Ariane Di Tulio,\u00a0\u00a0Stefanny Pellet Dias<\/span><\/p>\n<p style=\"text-align: center;\"><span style=\"color: #666699;\"><b>Suplentes<\/b>: Yashiro Yamamoto,\u00a0Luis Martins Vallilo<\/span><\/p>\n<p style=\"text-align: center;\"><span style=\"color: #666699;\">\u00a0<\/span><\/p>\n<p style=\"text-align: center;\"><span style=\"color: #666699;\"><b>Conselho Consultivo:<\/b><strong><\/strong><\/span><\/p>\n<p style=\"text-align: center;\"><span style=\"color: #666699;\">Hayd\u00e9e Torres de Oliveira<\/span><\/p>\n<p style=\"text-align: center;\"><span style=\"color: #666699;\">Heloisa Chalmers Sisla<\/span><\/p>\n<p style=\"text-align: center;\"><span style=\"color: #666699;\">Marcos Sorrentino<\/span><\/p>\n<p style=\"text-align: center;\"><span style=\"color: #666699;\">Maria Waldenez de Oliveira<\/span><\/p>\n<p style=\"text-align: center;\"><span style=\"color: #666699;\">Mauro Rocha Cort\u00eas<\/span><\/p>\n<p style=\"text-align: center;\"><span style=\"color: #666699;\">Romeu C. Rocha Filho<\/span><\/p>\n<p style=\"text-align: center;\"><span style=\"color: #666699;\">S\u00f4nia R. Biaggio<\/span><\/p>\n","protected":false},"excerpt":{"rendered":"<p>Composi\u00e7\u00e3o diretoria da APASC 2018-2019\u00a0 Presidente:\u00a0Bernardo Arantes do Nascimento Teixeira Vice-Presidente: Marta Fernandes Oliveira Secret\u00e1ria: Regina C\u00e9lia Di Ciommo Vice Secret\u00e1ria:\u00a0Fl\u00e1via Torre\u00e3o Correa da Silva Thiemann Tesoureiro:\u00a0Walter Alberto Alarcon Monzon Vice Tesoureira: Flaviana Aparecida Oliveira Coordenadorias: Coordena\u00e7\u00e3o de Agroecologia: Paulo Jos\u00e9 Penalva Mancini Coordena\u00e7\u00e3o de Educa\u00e7\u00e3o Ambiental: Maria Paula Pires de Oliveira Coordena\u00e7\u00e3o de Assuntos [&hellip;]<\/p>\n","protected":false},"author":1,"featured_media":0,"parent":0,"menu_order":0,"comment_status":"open","ping_status":"closed","template":"","meta":{"footnotes":""},"class_list":["post-26","page","type-page","status-publish","hentry"],"_links":{"self":[{"href":"http:\/\/apasc.org.br\/ONG\/wp-json\/wp\/v2\/pages\/26","targetHints":{"allow":["GET"]}}],"collection":[{"href":"http:\/\/apasc.org.br\/ONG\/wp-json\/wp\/v2\/pages"}],"about":[{"href":"http:\/\/apasc.org.br\/ONG\/wp-json\/wp\/v2\/types\/page"}],"author":[{"embeddable":true,"href":"http:\/\/apasc.org.br\/ONG\/wp-json\/wp\/v2\/users\/1"}],"replies":[{"embeddable":true,"href":"http:\/\/apasc.org.br\/ONG\/wp-json\/wp\/v2\/comments?post=26"}],"version-history":[{"count":11,"href":"http:\/\/apasc.org.br\/ONG\/wp-json\/wp\/v2\/pages\/26\/revisions"}],"predecessor-version":[{"id":237,"href":"http:\/\/apasc.org.br\/ONG\/wp-json\/wp\/v2\/pages\/26\/revisions\/237"}],"wp:attachment":[{"href":"http:\/\/apasc.org.br\/ONG\/wp-json\/wp\/v2\/media?parent=26"}],"curies":[{"name":"wp","href":"https:\/\/api.w.org\/{rel}","templated":true}]}}