{"id":29,"date":"2013-11-29T00:06:21","date_gmt":"2013-11-29T00:06:21","guid":{"rendered":"http:\/\/apasc.org.br\/apasc\/?page_id=29"},"modified":"2014-08-16T14:24:28","modified_gmt":"2014-08-16T14:24:28","slug":"atividades","status":"publish","type":"page","link":"http:\/\/apasc.org.br\/ONG\/atividades\/","title":{"rendered":"Atividades"},"content":{"rendered":"<p><b><a href=\"http:\/\/apasc.org.br\/ONG\/wp-content\/uploads\/2013\/11\/APASC-Foto-Chris-Pellet-45_.jpg\"><img loading=\"lazy\" decoding=\"async\" class=\" wp-image-89 alignright\" alt=\"APASC Foto Chris Pellet (45)_\" src=\"http:\/\/apasc.org.br\/ONG\/wp-content\/uploads\/2013\/11\/APASC-Foto-Chris-Pellet-45_-300x225.jpg\" width=\"210\" height=\"158\" srcset=\"http:\/\/apasc.org.br\/ONG\/wp-content\/uploads\/2013\/11\/APASC-Foto-Chris-Pellet-45_-300x225.jpg 300w, http:\/\/apasc.org.br\/ONG\/wp-content\/uploads\/2013\/11\/APASC-Foto-Chris-Pellet-45_.jpg 1024w\" sizes=\"auto, (max-width: 210px) 100vw, 210px\" \/><\/a>PROGRAMA HORTA ORG\u00c2NICA SOLID\u00c1RIA<\/b><\/p>\n<p>Breve hist\u00f3rico<\/p>\n<p><b>1\u00ba Fase: In\u00edcio na<\/b> <b>Casa Aberta<\/b><\/p>\n<p>No final do novembro de 2000, membros da APASC apresentaram \u00e0 Coordena\u00e7\u00e3o da Casa Aberta um esbo\u00e7o de um projeto para a poss\u00edvel implanta\u00e7\u00e3o de uma Horta Org\u00e2nica num espa\u00e7o existente nos fundos da propriedade. Em 2000, no cerne das discuss\u00f5es acerca da pol\u00eamica dos alimentos transg\u00eanicos j\u00e1 acontecendo na sociedade brasileira, havia na APASC o desejo de promover solu\u00e7\u00f5es alternativas e saud\u00e1veis, n\u00e3o apenas aos alimentos com componentes transg\u00eanicos, mas principalmente \u00e0queles j\u00e1 t\u00e3o onipresentes e tratados com agrot\u00f3xicos.<\/p>\n<p>A Casa Aberta vinha trabalhando ao longo dos anos com crian\u00e7as e adolescentes da cidade, desenvolvendo valores de independ\u00eancia, respeito, \u00e9tica e auto confian\u00e7a nos mesmos.<\/p>\n<p>A filosofia que se propunha para a Horta Org\u00e2nica se subsidiava em valores s\u00f3cio ambientais, indissoci\u00e1veis do desejo da melhoria das rela\u00e7\u00f5es sociais na comunidade. Por isso, entendeu-se que os objetivos da Casa Aberta e os da Horta Org\u00e2nica estariam em plena conson\u00e2ncia. Assim, ao divulgar o projeto com o intuito de garantir apoio financeiro junto a membros da comunidade, foi encorajador descobrir que muitas outras pessoas tamb\u00e9m compartilhavam a mesma opini\u00e3o no que diz respeito \u00e0 relev\u00e2ncia de fomentar tais valores, al\u00e9m de ter grande interesse em consumir alimentos org\u00e2nicos.<\/p>\n<p>Iniciado como projeto &#8220;experimental&#8221;, resultou em um projeto de sucesso, enriquecedor para todos os envolvidos, tamb\u00e9m empenhados em sua continuidade. Em maio de 2001 houve a primeira colheita festiva na Horta Org\u00e2nica na Casa Aberta e, a partir desta data, as pessoas participantes do projeto buscavam semanalmente a sua cesta de hortali\u00e7as na Horta Org\u00e2nica.<\/p>\n<p>Em 2002, devido a prioridades para outros projetos desenvolvidos pela Casa Aberta, foi solicitada a desocupa\u00e7\u00e3o do espa\u00e7o da Horta Org\u00e2nica.<\/p>\n<p><b>2a.Fase: Apoio da Prefeitura Municipal de S\u00e3o Carlos\u00a0\u00a0\u00a0\u00a0 <a href=\"http:\/\/apasc.org.br\/ONG\/wp-content\/uploads\/2013\/11\/APASC-Foto-Chris-Pellet-4_.jpg\"><img loading=\"lazy\" decoding=\"async\" class=\" wp-image-91 alignright\" alt=\"APASC Foto Chris Pellet (4)_\" src=\"http:\/\/apasc.org.br\/ONG\/wp-content\/uploads\/2013\/11\/APASC-Foto-Chris-Pellet-4_-300x161.jpg\" width=\"210\" height=\"113\" srcset=\"http:\/\/apasc.org.br\/ONG\/wp-content\/uploads\/2013\/11\/APASC-Foto-Chris-Pellet-4_-300x161.jpg 300w, http:\/\/apasc.org.br\/ONG\/wp-content\/uploads\/2013\/11\/APASC-Foto-Chris-Pellet-4_.jpg 1024w\" sizes=\"auto, (max-width: 210px) 100vw, 210px\" \/><\/a><\/b><\/p>\n<p>&nbsp;<\/p>\n<p>Para dar continuidade ao projeto procurou-se outras possibilidades e surgiu o apoio pela PMSC e foi iniciada uma nova horta no Centro da Juventude no bairro Monte Carlo, contando com a colabora\u00e7\u00e3o dos jovens assistidos pela Prefeitura neste Centro.\u00a0 Houve uma interrup\u00e7\u00e3o na entrega de hortali\u00e7as por muitos meses (preparo do solo, semear, crescer&#8230;), mas os consumidores aguardaram a retomada do projeto com paci\u00eancia. As cestas passaram a ser\u00a0 distribu\u00eddas na sede da APASC.<\/p>\n<p>Tendo em vista que o\u00a0 Centro da Juventude seria fechado para constru\u00e7\u00e3o de diversas oficinas, a Prefeitura Municipal de S\u00e3o Carlos, atrav\u00e9s da Secretaria de Agricultura concordou em sediar o projeto no espa\u00e7o da Horta Municipal Org\u00e2nica. Com o apoio de outras Secretarias da PMSC o projeto passou a denominar-se PROGRAMA DE HORTA ORG\u00c2NICA SOLID\u00c1RIA com os seguintes objetivos;<\/p>\n<p>a)\u00a0\u00a0\u00a0\u00a0\u00a0 capacitar e profissionalizar jovens adolescentes para as tarefas de produ\u00e7\u00e3o de hortali\u00e7as, legumes, frutas e plantas medicinais;<\/p>\n<p>b)\u00a0\u00a0\u00a0\u00a0\u00a0 gerar renda para jovens adolescentes que estagiarem dentro do programa Horta Solid\u00e1ria;<\/p>\n<p>c)\u00a0\u00a0\u00a0\u00a0\u00a0 receber visitas de agricultores, estudantes\u00a0 e outros interessados em conhecer pr\u00e1ticas agroecol\u00f3gicas para produ\u00e7\u00e3o de hortali\u00e7as, legumes e plantas medicinais;<\/p>\n<p>d)\u00a0\u00a0\u00a0\u00a0 sustentar-se economicamente atrav\u00e9s da contribui\u00e7\u00e3o de colaboradores ligados \u00e0 APASC, que devem receber como compensa\u00e7\u00e3o, quando houver disponibilidade, e a crit\u00e9rio da APASC, hortali\u00e7as e verduras produzidas pelo programa.<\/p>\n<p>e)\u00a0\u00a0\u00a0\u00a0\u00a0 proporcionar oportunidade de pesquisas em agroecologia, em ci\u00eancias sociais, psicologia e qualquer outro tipo de pesquisa de car\u00e1ter t\u00e9cnico ou cientifico que possam ser conduzidas por t\u00e9cnicos das institui\u00e7\u00f5es conveniadas,ou mesmo, outras institui\u00e7\u00f5es ensino e pesquisa, de acordo com o interesse do programa;<\/p>\n<p>f)\u00a0\u00a0\u00a0\u00a0\u00a0\u00a0 oferecer oportunidade para que fam\u00edlias s\u00e3o-carlenses se alimentem de produtos de efetiva qualidade nutritiva, e isentos de agrot\u00f3xicos.<\/p>\n<p>&nbsp;<\/p>\n<p><a href=\"http:\/\/apasc.org.br\/ONG\/wp-content\/uploads\/2013\/11\/APASC-Foto-Chris-Pellet-6.jpg\"><img loading=\"lazy\" decoding=\"async\" class=\" wp-image-111 alignright\" alt=\"APASC Foto Chris Pellet (6)\" src=\"http:\/\/apasc.org.br\/ONG\/wp-content\/uploads\/2013\/11\/APASC-Foto-Chris-Pellet-6-300x221.jpg\" width=\"210\" height=\"155\" srcset=\"http:\/\/apasc.org.br\/ONG\/wp-content\/uploads\/2013\/11\/APASC-Foto-Chris-Pellet-6-300x221.jpg 300w, http:\/\/apasc.org.br\/ONG\/wp-content\/uploads\/2013\/11\/APASC-Foto-Chris-Pellet-6.jpg 1024w\" sizes=\"auto, (max-width: 210px) 100vw, 210px\" \/><\/a><\/p>\n<p>O trabalho na Horta Municipal foi iniciado em fins de 2004 e no in\u00edcio de 2005 os colaboradores ligados \u00e0 APASC (item d) e que\u00a0 denominamos simplesmente\u00a0 Cotistas come\u00e7aram a receber suas cestas semanais de verduras, retirando-as na sede da APASC.<\/p>\n<p>O Programa Horta Org\u00e2nica Solid\u00e1ria est\u00e1 indo muito bem, apesar do\u00a0 trabalho duro,\u00a0 por parte de todos que o acompanham de perto, principalmente\u00a0 toda a equipe da Horta Municipal que lida diretamente com os jovens e a produ\u00e7\u00e3o das hortali\u00e7as. A proposta de produ\u00e7\u00e3o de hortali\u00e7as sem qu\u00edmica est\u00e1 despertando bastante interesse nas pessoas em geral, tanto \u00e9 que j\u00e1 est\u00e1 funcionando at\u00e9 uma pequena feirinha org\u00e2nica nas 5a.feiras na garagem da APASC, por ocasi\u00e3o da entrega das cestas de verdura.<\/p>\n<p>Como o Programa prev\u00ea, todo o dinheiro recebido destina-se aos jovens trabalhadores. Atualmente temos 32 cotistas e o Restaurante Mam\u00e3e Natureza que recebe hortali\u00e7as org\u00e2nicas diariamente.<\/p>\n<p>Trabalham no Programa 3 jovens, todos registrados como \u201cauxiliar de horticultor\u201d.<\/p>\n<p>A Prefeitura Municipal de S\u00e3o Carlos atrav\u00e9s do seu apoio arca com os custos de sementes, insumos etc. e ainda entrega por m\u00eas uma cesta b\u00e1sica a cada jovem, al\u00e9m de colocar \u00e0 disposi\u00e7\u00e3o a infra-estrutura da Horta Org\u00e2nica Municipal, equipe t\u00e9cnica e supervis\u00e3o.<\/p>\n<p>A APASC usa sua perua Kombi para o transporte das cestas.<\/p>\n<p style=\"text-align: center;\"><a href=\"http:\/\/apasc.org.br\/ONG\/wp-content\/uploads\/2013\/11\/APASC-Foto-Chris-Pellet-7_.jpg\"><img loading=\"lazy\" decoding=\"async\" class=\"aligncenter size-medium wp-image-93\" alt=\"APASC Foto Chris Pellet (7)_\" src=\"http:\/\/apasc.org.br\/ONG\/wp-content\/uploads\/2013\/11\/APASC-Foto-Chris-Pellet-7_-300x225.jpg\" width=\"300\" height=\"225\" srcset=\"http:\/\/apasc.org.br\/ONG\/wp-content\/uploads\/2013\/11\/APASC-Foto-Chris-Pellet-7_-300x225.jpg 300w, http:\/\/apasc.org.br\/ONG\/wp-content\/uploads\/2013\/11\/APASC-Foto-Chris-Pellet-7_.jpg 1024w\" sizes=\"auto, (max-width: 300px) 100vw, 300px\" \/><\/a> <a href=\"http:\/\/apasc.org.br\/ONG\/wp-content\/uploads\/2013\/11\/APASC-Foto-Chris-Pellet-12_.jpg\"><img loading=\"lazy\" decoding=\"async\" class=\"aligncenter size-medium wp-image-94\" alt=\"APASC Foto Chris Pellet (12)_\" src=\"http:\/\/apasc.org.br\/ONG\/wp-content\/uploads\/2013\/11\/APASC-Foto-Chris-Pellet-12_-300x225.jpg\" width=\"300\" height=\"225\" srcset=\"http:\/\/apasc.org.br\/ONG\/wp-content\/uploads\/2013\/11\/APASC-Foto-Chris-Pellet-12_-300x225.jpg 300w, http:\/\/apasc.org.br\/ONG\/wp-content\/uploads\/2013\/11\/APASC-Foto-Chris-Pellet-12_.jpg 1024w\" sizes=\"auto, (max-width: 300px) 100vw, 300px\" \/><\/a> <a href=\"http:\/\/apasc.org.br\/ONG\/wp-content\/uploads\/2013\/11\/APASC-Foto-Chris-Pellet-21_.jpg\"><img loading=\"lazy\" decoding=\"async\" class=\"aligncenter size-medium wp-image-95\" alt=\"APASC Foto Chris Pellet (21)_\" src=\"http:\/\/apasc.org.br\/ONG\/wp-content\/uploads\/2013\/11\/APASC-Foto-Chris-Pellet-21_-300x225.jpg\" width=\"300\" height=\"225\" srcset=\"http:\/\/apasc.org.br\/ONG\/wp-content\/uploads\/2013\/11\/APASC-Foto-Chris-Pellet-21_-300x225.jpg 300w, http:\/\/apasc.org.br\/ONG\/wp-content\/uploads\/2013\/11\/APASC-Foto-Chris-Pellet-21_.jpg 1024w\" sizes=\"auto, (max-width: 300px) 100vw, 300px\" \/><\/a> <a href=\"http:\/\/apasc.org.br\/ONG\/wp-content\/uploads\/2013\/11\/APASC-Foto-Chris-Pellet-22_.jpg\"><img loading=\"lazy\" decoding=\"async\" class=\"aligncenter size-medium wp-image-96\" alt=\"APASC Foto Chris Pellet (22)_\" src=\"http:\/\/apasc.org.br\/ONG\/wp-content\/uploads\/2013\/11\/APASC-Foto-Chris-Pellet-22_-300x225.jpg\" width=\"300\" height=\"225\" srcset=\"http:\/\/apasc.org.br\/ONG\/wp-content\/uploads\/2013\/11\/APASC-Foto-Chris-Pellet-22_-300x225.jpg 300w, http:\/\/apasc.org.br\/ONG\/wp-content\/uploads\/2013\/11\/APASC-Foto-Chris-Pellet-22_.jpg 1024w\" sizes=\"auto, (max-width: 300px) 100vw, 300px\" \/><\/a> <a href=\"http:\/\/apasc.org.br\/ONG\/wp-content\/uploads\/2013\/11\/APASC-Foto-Chris-Pellet-29_.jpg\"><img loading=\"lazy\" decoding=\"async\" class=\"aligncenter size-medium wp-image-97\" alt=\"APASC Foto Chris Pellet (29)_\" src=\"http:\/\/apasc.org.br\/ONG\/wp-content\/uploads\/2013\/11\/APASC-Foto-Chris-Pellet-29_-300x225.jpg\" width=\"300\" height=\"225\" srcset=\"http:\/\/apasc.org.br\/ONG\/wp-content\/uploads\/2013\/11\/APASC-Foto-Chris-Pellet-29_-300x225.jpg 300w, http:\/\/apasc.org.br\/ONG\/wp-content\/uploads\/2013\/11\/APASC-Foto-Chris-Pellet-29_.jpg 1024w\" sizes=\"auto, (max-width: 300px) 100vw, 300px\" \/><\/a> <a href=\"http:\/\/apasc.org.br\/ONG\/wp-content\/uploads\/2013\/11\/APASC-Foto-Chris-Pellet-32_.jpg\"><img loading=\"lazy\" decoding=\"async\" class=\"aligncenter size-medium wp-image-98\" alt=\"APASC Foto Chris Pellet (32)_\" src=\"http:\/\/apasc.org.br\/ONG\/wp-content\/uploads\/2013\/11\/APASC-Foto-Chris-Pellet-32_-300x225.jpg\" width=\"300\" height=\"225\" srcset=\"http:\/\/apasc.org.br\/ONG\/wp-content\/uploads\/2013\/11\/APASC-Foto-Chris-Pellet-32_-300x225.jpg 300w, http:\/\/apasc.org.br\/ONG\/wp-content\/uploads\/2013\/11\/APASC-Foto-Chris-Pellet-32_.jpg 1024w\" sizes=\"auto, (max-width: 300px) 100vw, 300px\" \/><\/a> <a href=\"http:\/\/apasc.org.br\/ONG\/wp-content\/uploads\/2013\/11\/APASC-Foto-Chris-Pellet-47_.jpg\"><img loading=\"lazy\" decoding=\"async\" class=\"wp-image-99 aligncenter\" alt=\"APASC Foto Chris Pellet (47)_\" src=\"http:\/\/apasc.org.br\/ONG\/wp-content\/uploads\/2013\/11\/APASC-Foto-Chris-Pellet-47_-300x225.jpg\" width=\"210\" height=\"158\" srcset=\"http:\/\/apasc.org.br\/ONG\/wp-content\/uploads\/2013\/11\/APASC-Foto-Chris-Pellet-47_-300x225.jpg 300w, http:\/\/apasc.org.br\/ONG\/wp-content\/uploads\/2013\/11\/APASC-Foto-Chris-Pellet-47_.jpg 1024w\" sizes=\"auto, (max-width: 210px) 100vw, 210px\" \/><\/a> <a href=\"http:\/\/apasc.org.br\/ONG\/wp-content\/uploads\/2013\/11\/APASC-Foto-Chris-Pellet-49_.jpg\"><img loading=\"lazy\" decoding=\"async\" class=\"aligncenter  wp-image-100\" alt=\"APASC Foto Chris Pellet (49)_\" src=\"http:\/\/apasc.org.br\/ONG\/wp-content\/uploads\/2013\/11\/APASC-Foto-Chris-Pellet-49_-300x225.jpg\" width=\"210\" height=\"158\" srcset=\"http:\/\/apasc.org.br\/ONG\/wp-content\/uploads\/2013\/11\/APASC-Foto-Chris-Pellet-49_-300x225.jpg 300w, http:\/\/apasc.org.br\/ONG\/wp-content\/uploads\/2013\/11\/APASC-Foto-Chris-Pellet-49_.jpg 1024w\" sizes=\"auto, (max-width: 210px) 100vw, 210px\" \/><\/a> <a href=\"http:\/\/apasc.org.br\/ONG\/wp-content\/uploads\/2013\/11\/APASC-Foto-Chris-Pellet-52_.jpg\"><img loading=\"lazy\" decoding=\"async\" class=\"wp-image-101 aligncenter\" alt=\"APASC Foto Chris Pellet (52)_\" src=\"http:\/\/apasc.org.br\/ONG\/wp-content\/uploads\/2013\/11\/APASC-Foto-Chris-Pellet-52_-225x300.jpg\" width=\"174\" height=\"231\" srcset=\"http:\/\/apasc.org.br\/ONG\/wp-content\/uploads\/2013\/11\/APASC-Foto-Chris-Pellet-52_-225x300.jpg 225w, http:\/\/apasc.org.br\/ONG\/wp-content\/uploads\/2013\/11\/APASC-Foto-Chris-Pellet-52_.jpg 768w\" sizes=\"auto, (max-width: 174px) 100vw, 174px\" \/><\/a><a href=\"http:\/\/apasc.org.br\/ONG\/wp-content\/uploads\/2013\/11\/APASC-Foto-Chris-Pellet-5_.jpg\"><img loading=\"lazy\" decoding=\"async\" class=\"aligncenter size-medium wp-image-107\" alt=\"APASC Foto Chris Pellet (5)_\" src=\"http:\/\/apasc.org.br\/ONG\/wp-content\/uploads\/2013\/11\/APASC-Foto-Chris-Pellet-5_-275x300.jpg\" width=\"275\" height=\"300\" srcset=\"http:\/\/apasc.org.br\/ONG\/wp-content\/uploads\/2013\/11\/APASC-Foto-Chris-Pellet-5_-275x300.jpg 275w, http:\/\/apasc.org.br\/ONG\/wp-content\/uploads\/2013\/11\/APASC-Foto-Chris-Pellet-5_.jpg 768w\" sizes=\"auto, (max-width: 275px) 100vw, 275px\" \/><\/a> <a href=\"http:\/\/apasc.org.br\/ONG\/wp-content\/uploads\/2013\/11\/APASC-Foto-Chris-Pellet-13_.jpg\"><img loading=\"lazy\" decoding=\"async\" class=\"aligncenter size-medium wp-image-108\" alt=\"APASC Foto Chris Pellet (13)_\" src=\"http:\/\/apasc.org.br\/ONG\/wp-content\/uploads\/2013\/11\/APASC-Foto-Chris-Pellet-13_-300x225.jpg\" width=\"300\" height=\"225\" srcset=\"http:\/\/apasc.org.br\/ONG\/wp-content\/uploads\/2013\/11\/APASC-Foto-Chris-Pellet-13_-300x225.jpg 300w, http:\/\/apasc.org.br\/ONG\/wp-content\/uploads\/2013\/11\/APASC-Foto-Chris-Pellet-13_.jpg 1024w\" sizes=\"auto, (max-width: 300px) 100vw, 300px\" \/><\/a><\/p>\n","protected":false},"excerpt":{"rendered":"<p>PROGRAMA HORTA ORG\u00c2NICA SOLID\u00c1RIA Breve hist\u00f3rico 1\u00ba Fase: In\u00edcio na Casa Aberta No final do novembro de 2000, membros da APASC apresentaram \u00e0 Coordena\u00e7\u00e3o da Casa Aberta um esbo\u00e7o de um projeto para a poss\u00edvel implanta\u00e7\u00e3o de uma Horta Org\u00e2nica num espa\u00e7o existente nos fundos da propriedade. Em 2000, no cerne das discuss\u00f5es acerca da [&hellip;]<\/p>\n","protected":false},"author":1,"featured_media":0,"parent":0,"menu_order":0,"comment_status":"open","ping_status":"open","template":"","meta":{"footnotes":""},"class_list":["post-29","page","type-page","status-publish","hentry"],"_links":{"self":[{"href":"http:\/\/apasc.org.br\/ONG\/wp-json\/wp\/v2\/pages\/29","targetHints":{"allow":["GET"]}}],"collection":[{"href":"http:\/\/apasc.org.br\/ONG\/wp-json\/wp\/v2\/pages"}],"about":[{"href":"http:\/\/apasc.org.br\/ONG\/wp-json\/wp\/v2\/types\/page"}],"author":[{"embeddable":true,"href":"http:\/\/apasc.org.br\/ONG\/wp-json\/wp\/v2\/users\/1"}],"replies":[{"embeddable":true,"href":"http:\/\/apasc.org.br\/ONG\/wp-json\/wp\/v2\/comments?post=29"}],"version-history":[{"count":12,"href":"http:\/\/apasc.org.br\/ONG\/wp-json\/wp\/v2\/pages\/29\/revisions"}],"predecessor-version":[{"id":112,"href":"http:\/\/apasc.org.br\/ONG\/wp-json\/wp\/v2\/pages\/29\/revisions\/112"}],"wp:attachment":[{"href":"http:\/\/apasc.org.br\/ONG\/wp-json\/wp\/v2\/media?parent=29"}],"curies":[{"name":"wp","href":"https:\/\/api.w.org\/{rel}","templated":true}]}}